{"id":242,"date":"2026-03-18T09:27:27","date_gmt":"2026-03-18T09:27:27","guid":{"rendered":"https:\/\/ingdr.uoradea.ro\/?page_id=242"},"modified":"2026-04-21T08:03:05","modified_gmt":"2026-04-21T08:03:05","slug":"home","status":"publish","type":"page","link":"https:\/\/ingdr.uoradea.ro\/","title":{"rendered":"Home"},"content":{"rendered":"\n<p>Asocia\u021bia conduc\u0103torilor de doctorat \u00een domeniul Inginerie \u0219i Management din Rom\u00e2nia (A.C.A.D.E.M.I.A.) a fost \u00eenfiin\u021bat\u0103 \u00een anul 2014 ca r\u0103spuns la nevoia cresc\u00e2nd\u0103 de profesionalizare \u0219i standardizare a procesului de \u00eendrumare doctoral\u0103 \u00een sistemul universitar rom\u00e2nesc.<\/p>\n\n\n\n<p>Sprijinim dezvoltarea profesional\u0103 a conduc\u0103torilor de doctorat, absolven\u021bilor de studii doctorale \u0219i doctoranzilor din \u00eentreaga \u021bar\u0103 \u00een acest domeniu.<\/p>\n\n\n\n<figure class=\"wp-block-image size-full\"><img fetchpriority=\"high\" decoding=\"async\" width=\"1024\" height=\"576\" src=\"https:\/\/ingdr.uoradea.ro\/wp-content\/uploads\/2026\/03\/PHOTO-2023-02-24-17-36-12.jpg\" alt=\"\" class=\"wp-image-206\" srcset=\"https:\/\/ingdr.uoradea.ro\/wp-content\/uploads\/2026\/03\/PHOTO-2023-02-24-17-36-12.jpg 1024w, https:\/\/ingdr.uoradea.ro\/wp-content\/uploads\/2026\/03\/PHOTO-2023-02-24-17-36-12-300x169.jpg 300w, https:\/\/ingdr.uoradea.ro\/wp-content\/uploads\/2026\/03\/PHOTO-2023-02-24-17-36-12-768x432.jpg 768w\" sizes=\"(max-width: 1024px) 100vw, 1024px\" \/><\/figure>\n\n\n\n<p><\/p>\n\n\n\n<figure class=\"wp-block-image size-large\"><img decoding=\"async\" width=\"1024\" height=\"588\" src=\"https:\/\/ingdr.uoradea.ro\/wp-content\/uploads\/2026\/03\/PHOTO-2025-03-01-20-04-53-1024x588.jpg\" alt=\"\" class=\"wp-image-205\" srcset=\"https:\/\/ingdr.uoradea.ro\/wp-content\/uploads\/2026\/03\/PHOTO-2025-03-01-20-04-53-1024x588.jpg 1024w, https:\/\/ingdr.uoradea.ro\/wp-content\/uploads\/2026\/03\/PHOTO-2025-03-01-20-04-53-300x172.jpg 300w, https:\/\/ingdr.uoradea.ro\/wp-content\/uploads\/2026\/03\/PHOTO-2025-03-01-20-04-53-768x441.jpg 768w, https:\/\/ingdr.uoradea.ro\/wp-content\/uploads\/2026\/03\/PHOTO-2025-03-01-20-04-53.jpg 1120w\" sizes=\"(max-width: 1024px) 100vw, 1024px\" \/><\/figure>\n","protected":false},"excerpt":{"rendered":"<p>Asocia\u021bia conduc\u0103torilor de doctorat \u00een domeniul Inginerie \u0219i Management din Rom\u00e2nia (A.C.A.D.E.M.I.A.) a fost \u00eenfiin\u021bat\u0103 \u00een anul 2014 ca r\u0103spuns la nevoia cresc\u00e2nd\u0103 de profesionalizare \u0219i standardizare a procesului de \u00eendrumare doctoral\u0103 \u00een sistemul universitar rom\u00e2nesc. Sprijinim dezvoltarea profesional\u0103 a conduc\u0103torilor de doctorat, absolven\u021bilor de studii doctorale \u0219i doctoranzilor din \u00eentreaga \u021bar\u0103 \u00een acest domeniu.<\/p>\n","protected":false},"author":1,"featured_media":0,"parent":0,"menu_order":0,"comment_status":"closed","ping_status":"closed","template":"","meta":{"_eb_attr":"","footnotes":""},"class_list":["post-242","page","type-page","status-publish"],"_links":{"self":[{"href":"https:\/\/ingdr.uoradea.ro\/index.php?rest_route=\/wp\/v2\/pages\/242","targetHints":{"allow":["GET"]}}],"collection":[{"href":"https:\/\/ingdr.uoradea.ro\/index.php?rest_route=\/wp\/v2\/pages"}],"about":[{"href":"https:\/\/ingdr.uoradea.ro\/index.php?rest_route=\/wp\/v2\/types\/page"}],"author":[{"embeddable":true,"href":"https:\/\/ingdr.uoradea.ro\/index.php?rest_route=\/wp\/v2\/users\/1"}],"replies":[{"embeddable":true,"href":"https:\/\/ingdr.uoradea.ro\/index.php?rest_route=%2Fwp%2Fv2%2Fcomments&post=242"}],"version-history":[{"count":8,"href":"https:\/\/ingdr.uoradea.ro\/index.php?rest_route=\/wp\/v2\/pages\/242\/revisions"}],"predecessor-version":[{"id":557,"href":"https:\/\/ingdr.uoradea.ro\/index.php?rest_route=\/wp\/v2\/pages\/242\/revisions\/557"}],"wp:attachment":[{"href":"https:\/\/ingdr.uoradea.ro\/index.php?rest_route=%2Fwp%2Fv2%2Fmedia&parent=242"}],"curies":[{"name":"wp","href":"https:\/\/api.w.org\/{rel}","templated":true}]}}